mmon factor of u and n?
16
Suppose 0 = -2*m + 4 + 50. Let c = 388 + 104. Suppose 3*f = -2*x + c, 2*x + f + 241 = 3*x. Calculate the greatest common factor of x and m.
27
Let v(j) = 3*j**2 + j + 1. Let z be 780/(-55) - (-2)/11. Let b = z + 12. Let q be v(b). Calculate the greatest common divisor of q and 44.
11
Let h = 398 + -222. Suppose 28*m - 215 - 233 = 0. Calculate the greatest common divisor of m and h.
16
Let b be 4*(0 + 2)/4. Suppose -12 = -b*i - 0*i. Suppose -i*n + 70 = -4*n. What is the greatest common factor of 7 and n?
7
Let c = -281 - -429. What is the highest common divisor of c and 12?
4
Let a be 66/(15/4 + -3). What is the highest common factor of a and 22?
22
Let m(s) = -s**3 + s**2 - 2*s + 483. Let l be m(0). What is the greatest common divisor of 21 and l?
21
Let k(b) = 76*b**2 - 12*b - 11. Let g be k(-1). Calculate the greatest common factor of 231 and g.
77
Let s be (2/(-4))/((-23)/414). Suppose 13*c = s*c + 160. What is the greatest common divisor of c and 8?
8
Suppose -8*m + 12*m = 20. Suppose 16 + 8 = 4*f - m*k, f - 4*k = 6. Calculate the greatest common divisor of 15 and f.
3
Suppose -23*s + 2992 = -6*s. Calculate the highest common factor of 48 and s.
16
Let k = 1752 - 1710. What is the greatest common divisor of k and 273?
21
Suppose 4*r = 4*t - 156, 0 = -4*t - 54*r + 59*r + 161. Let q = 257 - 53. Calculate the highest common divisor of t and q.
34
Let i = 67 - 50. Let m = 10 + 7. What is the greatest common factor of m and i?
17
Let j be ((-732)/(-60) + 5)/(2/15). Calculate the highest common factor of 559 and j.
43
Suppose 2*y - 24 = 4. Suppose -4*d = w - 25, d + 33 = w - 12. Suppose 5*l - w = 64. What is the greatest common divisor of l and y?
7
Let f be (4/8)/(11/220). What is the greatest common factor of 10 and f?
10
Let t(o) = -o**2 + 2*o + 3. Let v be t(3). Let z be v + 1 + 0/(-1). Suppose 0 = -18*c + 7*c + 99. What is the greatest common factor of c and z?
1
Let m be (1/2)/(1/154). Let y = -1702 - -1713. What is the greatest common factor of y and m?
11
Let x(j) = j**2. Let b be x(-2). Suppose v = -5*m + 698, -b = 3*v - v. Calculate the highest common divisor of m and 56.
28
Let m = -967 + 1442. Calculate the highest common divisor of 190 and m.
95
Let r = 96 - 94. Suppose z = -1, 0 = 4*q - 0*q - 3*z - 3. Suppose q = w - 0 - 5. Calculate the highest common factor of r and w.
1
Let l(f) be the third derivative of -f**4/24 + 35*f**3/3 + 11*f**2. Let s be l(0). Suppose 56 = 3*j - s. What is the highest common factor of j and 28?
14
Let k(v) be the first derivative of -v**4/4 - v**3/3 + 3*v**2/2 + v - 1. Let a be k(-3). Let f = -176 - -216. Calculate the highest common factor of a and f.
10
Suppose 0 = 5*b - 4*g - 821, 2*g + g - 333 = -2*b. Let d be ((-30)/(-8))/((-8)/(-32)). Calculate the greatest common divisor of d and b.
15
Suppose 0 = 2*a, 2*j + 3*a = -3*j + 775. Calculate the greatest common divisor of 31 and j.
31
Let z be (-393)/(-1) + (-12 - -23 - 13). What is the highest common factor of 207 and z?
23
Let g = 1784 - 1465. Calculate the greatest common factor of 58 and g.
29
Suppose 50*y + 1666 = 169*y. Let m(x) = x**3 + 6*x**2 - x + 8. Let h be m(-6). What is the highest common factor of y and h?
14
Let d be -1 + (-5)/(20/8). Let x be (((-2)/3 - 0) + -3)*d. What is the greatest common divisor of x and 11?
11
Let i(q) = 117*q - 39. Let f be i(4). What is the greatest common factor of 13 and f?
13
Let z(j) = 2*j**2 + 9. Suppose 14 = -3*i - 10. Let y be z(i). Let v = 337 - y. Calculate the highest common divisor of 20 and v.
20
Let q = -141 - -165. What is the greatest common divisor of q and 4?
4
Let u be 2*(-1)/(-8) + (-13)/52. Suppose u = -22*d + 19*d + 30. Calculate the greatest common factor of 30 and d.
10
Let a(y) = -3*y**3 + 0*y**3 + 2*y + 8*y**2 + 4 + y**2 + 2*y**3. Let k be a(6). Let q be 30 + 6/2 + -2. Calculate the greatest common divisor of k and q.
31
Suppose 0*x - 15 = -5*x. Suppose -x*y = -1 - 5. What is the greatest common factor of y and 6?
2
Let m(g) = 2*g**2 - 2*g - 3. Let u be m(3). Let b = 186 + -128. Let w = b - 40. What is the highest common divisor of w and u?
9
Suppose -16 = 4*w, 2*r = 2*w - 0*w + 188. Let n be 35/(-6)*4*r/(-75). What is the highest common factor of n and 98?
14
Let z(r) = -r**3 - 8*r**2 - 11*r + 10. Let w be z(-6). What is the greatest common factor of 148 and w?
4
Suppose -3*u = -4*o + 436, 25 + 307 = 3*o - u. Calculate the greatest common factor of o and 70.
14
Let c be (1 + 11)/(1 - 0). Let s(o) = o**3 - 22*o**2 + 24*o - 61. Let l be s(21). Suppose -l*b + 3*b = c. What is the greatest common divisor of 6 and b?
6
Suppose 3*n + p - 29 = 0, -4*p + 36 = -4*n + 6*n. Let i(t) = -t**2 + 12*t - 25. Let x be i(n). What is the highest common factor of x and 28?
7
Let h be 1*(2 - -46) - -2. Let r = h + -30. What is the greatest common factor of 220 and r?
20
Suppose 212 + 44 = 8*a. What is the greatest common divisor of a and 4832?
32
Let o(j) = -22*j - 10. Let c be o(-4). Calculate the highest common factor of c and 150.
6
Suppose -v = 5*n - 1065, -26*n + 25*n + 237 = 5*v. What is the highest common divisor of n and 53?
53
Suppose 2*p + 3*n = 4*n + 16, 0 = 5*p + 3*n - 62. What is the highest common divisor of 20 and p?
10
Suppose 0 = 87*k - 88*k + 295. Let g = k - 169. Calculate the highest common divisor of g and 18.
18
Let x(b) = -b + 2. Let a be x(-3). Let c be (-5 + 6)*(37 - 2). Calculate the greatest common divisor of c and a.
5
Let w be 6/(-24) + (978/8 - -1). Calculate the greatest common factor of w and 3.
3
Suppose 4*a + 3 = -2*y + 57, 0 = -3*y + 3*a + 45. Suppose -3*t + 30 = 2*c, c - y = -3*t + t. Calculate the greatest common factor of 8 and t.
8
Let g(r) = -r + 21. Let t be g(18). Suppose 2*l - t*q = 135, -3*q = l + q - 51. Calculate the highest common factor of 21 and l.
21
Let n = -102 + 106. Let u be (-1)/(-1 + 2) - -192. Let y = u - n. Calculate the greatest common factor of 17 and y.
17
Let f be 148/6*(-126)/(-12). Suppose 2*u + f = 9*u. Calculate the highest common divisor of u and 74.
37
Let m(o) = -2*o - 3. Let v(c) = -c**3 - 5*c**2 - 3*c + 12. Let w be v(-5). Let s = w + -34. Let u be m(s). Calculate the greatest common divisor of 55 and u.
11
Let f be 2/1 - (18 - 14). Let t be -1 + 3 + (f - 3) + 43. Calculate the highest common divisor of 50 and t.
10
Let g(p) = 45*p - 1. Let x be g(1). Let d(k) = -k + 5. Let n be d(7). Let z be 33*n*2/(-12). What is the highest common divisor of x and z?
11
Let y = 5 - 5. Suppose y = 3*z - 22 - 14. Let s be 10 - (-2 + (0 - 0)). Calculate the greatest common factor of s and z.
12
Let q(m) = 7*m**2 + 8. Let n be q(7). What is the highest common divisor of n and 108?
27
Suppose -3*f + 61 = -5*m, -89 + 11 = -4*f + 5*m. Suppose 14*u - 122 = -24. Let n be (-20)/3*(67/(-5) - u). Calculate the highest common factor of f and n.
17
Let s be ((-9)/(-2))/(12/32). Suppose 3*j - s = 2*z, 0*j = 3*z - 5*j + 20. Suppose z = 2*l - 4*l + 198. What is the greatest common divisor of l and 9?
9
Suppose 0 = -4*r - 6 - 6, -r = -n + 5. Suppose 0 = 3*h - 2*m - n*m - 38, -5*h - 5*m + 40 = 0. What is the highest common factor of h and 4?
2
Suppose g + 5*t = -4, t - 3 + 4 = 0. Let u(w) = 42*w. Let d be u(g). What is the greatest common divisor of d and 63?
21
Suppose -19*a + 506 = -8*a. What is the highest common factor of a and 506?
46
Let c be (2 + 4)/(-5 + 4). Let g be (7/((-56)/c))/(3/24). What is the greatest common divisor of g and 54?
6
Let y be (-8)/14 - 121992/(-483). Calculate the greatest common factor of y and 72.
36
Let s be (14 - 9) + -9 - (-4 - 1278). Calculate the highest common divisor of 18 and s.
18
Suppose -29*f = -30*f + 48. Suppose d - f = -d. Let p = 291 + -195. Calculate the highest common divisor of p and d.
24
Suppose 4*w = 53 + 7. Calculate the greatest common divisor of w and 3.
3
Let w(m) = -2*m**2 + 1. Let l be w(1). Let g be (2 + 12/(-4))/l. Let x be g*(18 + -3) + -1. Calculate the greatest common factor of 35 and x.
7
Let w be (-1)/(-1*(-2)/(-20)). Suppose 2*g = -0*g + 144. Suppose -2*h - 276 = -4*x + 2*h, -x + g = 2*h. What is the highest common factor of x and w?
10
Let n = -27 - -19. Let z(x) = x + 3. Let h be z(n). Let q be 4/((15/(-12))/h). What is the highest common divisor of q and 8?
8
Suppose 218